site number?
False
Is 1058567 prime?
True
Is 35681 a composite number?
True
Is 92893 composite?
False
Is 21283 a composite number?
False
Is 138665 prime?
False
Is 27343 prime?
False
Is 4283 a composite number?
False
Is 19177 composite?
True
Is 630503 composite?
True
Is 23143 composite?
False
Is 26591 prime?
True
Is 49241 prime?
False
Is 9941 a prime number?
True
Is 8507 composite?
True
Is 7985 a prime number?
False
Is 101957 composite?
False
Is 8249 prime?
False
Is 98849 a composite number?
False
Is 33917 composite?
True
Is 342413 a composite number?
False
Is 12147 a prime number?
False
Is 10817 a composite number?
True
Is 133 prime?
False
Is 9197 composite?
True
Is 721451 a prime number?
True
Is 8509 a prime number?
False
Is 447787 a composite number?
True
Is 43657 a prime number?
False
Is 2021291 a prime number?
True
Is 44159 prime?
True
Is 28687 a composite number?
False
Is 394301 prime?
False
Is 6079 a composite number?
False
Is 296151 a prime number?
False
Is 8501 prime?
True
Is 115339 a prime number?
False
Is 750949 prime?
False
Is 267851 a prime number?
False
Is 868847 composite?
True
Is 36587 a prime number?
True
Is 2161 prime?
True
Is 7901 a prime number?
True
Is 6163 composite?
False
Is 12193 a composite number?
True
Is 774589 composite?
False
Is 18659 prime?
False
Is 22739 prime?
True
Is 3209 prime?
True
Is 1424119 prime?
True
Is 4442 composite?
True
Is 75171 a prime number?
False
Is 12391 a composite number?
False
Is 1146697 a composite number?
False
Is 118453 a prime number?
True
Is 6353 prime?
True
Is 53831 composite?
False
Is 3833 composite?
False
Is 12671 composite?
False
Is 11959 a prime number?
True
Is 76127 a composite number?
True
Is 89341 prime?
False
Is 1061011 composite?
True
Is 506191 a prime number?
False
Is 1283 a composite number?
False
Is 381 a composite number?
True
Is 1409 composite?
False
Is 11549 prime?
True
Is 179261 prime?
True
Is 5591 prime?
True
Is 1349 a prime number?
False
Is 8849 a composite number?
False
Is 88117 composite?
False
Is 45481 a composite number?
False
Is 355763 a prime number?
True
Is 21961 a composite number?
False
Is 14267 prime?
False
Is 1799041 a composite number?
False
Is 355 a composite number?
True
Is 310223 prime?
True
Is 99277 a prime number?
True
Is 238499 a prime number?
True
Is 1655461 a prime number?
True
Is 26581 composite?
True
Is 21701 a prime number?
True
Is 6271 a prime number?
True
Is 254059 a composite number?
True
Is 61207 prime?
False
Is 63113 prime?
True
Is 12391 composite?
False
Is 4417 composite?
True
Is 31883 prime?
True
Is 54521 a composite number?
False
Is 228707 composite?
False
Is 19903 a prime number?
False
Is 682469 prime?
False
Is 233113 a composite number?
False
Is 129361 a prime number?
True
Is 1935493 composite?
True
Is 256829 prime?
False
Is 229339 prime?
False
Is 71571 prime?
False
Is 18547 composite?
True
Is 79433 a prime number?
True
Is 1347149 a prime number?
True
Is 13863 prime?
False
Is 154981 a composite number?
False
Is 6353 a composite number?
False
Is 101746 prime?
False
Is 9409 a prime number?
False
Is 142679 prime?
False
Is 45257 prime?
False
Is 66337 a composite number?
False
Is 91909 prime?
True
Is 1761 a composite number?
True
Is 925763 a composite number?
True
Is 1147181 prime?
False
Is 49193 composite?
False
Is 13033 a prime number?
True
Is 3943 a prime number?
True
Is 278977 composite?
True
Is 13127 a prime number?
True
Is 9413 a prime number?
True
Is 11311 prime?
True
Is 98951 a composite number?
True
Is 262423 prime?
False
Is 890139 a prime number?
False
Is 15217 a prime number?
True
Is 21787 composite?
False
Is 726071 a prime number?
True
Is 143387 composite?
False
Is 14591 a composite number?
False
Is 1087 a composite number?
False
Is 438967 prime?
True
Is 25717 a composite number?
False
Is 29765 prime?
False
Is 55753 prime?
False
Is 7529 prime?
True
Is 1919941 a prime number?
False
Is 53373 a prime number?
False
Is 581989 prime?
False
Is 196097 composite?
True
Is 611879 a prime number?
True
Is 5381 a composite number?
False
Is 26557 composite?
False
Is 13217 composite?
False
Is 58945 prime?
False
Is 111253 prime?
True
Is 210674 a composite number?
True
Is 466661 a composite number?
True
Is 297121 a prime number?
False
Is 175601 a composite number?
False
Is 74553 a composite number?
True
Is 9239 a prime number?
True
Is 57641 composite?
False
Is 111313 a composite number?
True
Is 16057 a prime number?
True
Is 235978 a prime number?
False
Is 11114 prime?
False
Is 47335 prime?
False
Is 1445909 composite?
True
Is 737 composite?
True
Is 62534 composite?
True
Is 497 composite?
True
Is 97529 a composite number?
True
Is 611389 prime?
True
Is 49597 prime?
True
Is 19463 composite?
False
Is 1795 a prime number?
False
Is 6737 composite?
False
Is 534071 a prime number?
False
Is 71954 prime?
False
Is 680009 a prime number?
False
Is 737101 composite?
True
Is 470391 composite?
True
Is 37207 composite?
True
Is 5006 composite?
True
Is 80989 prime?
True
Is 7649 a composite number?
False
Is 399907 prime?
False
Is 5813 a prime number?
True
Is 113853 composite?
True
Is 80363 composite?
False
Is 1465 prime?
False
Is 1455301 composite?
False
Is 748301 composite?
False
Is 330131 a composite number?
False
Is 14957 prime?
True
Is 17165 a composite number?
True
Is 30167 composite?
True
Is 963926 composite?
True
Is 290677 a prime number?
True
Is 169199 a prime number?
True
Is 926314 composite?
True
Is 626029 a composite number?
True
Is 33547 composite?
False
Is 682597 composite?
False
Is 41095 a prime number?
False
Is 44159 a prime number?
True
Is 87545 prime?
False
Is 71291 a composite number?
True
Is 280757 prime?
False
Is 343249 composite?
True
Is 728521 composite?
False
Is 763931 a composite number?
True
Is 77317 a prime number?
True
Is 86285 a prime number?
False
Is 41219 prime?
False
Is 477278 prime?
False
Is 22721 prime?
True
Is 155887 a prime number?
True
Is 1361 prime?
True
Is 5581 a composite number?
False
Is 41671 prime?
False
Is 25867 prime?
True
Is 463531 prime?
True
Is 1413341 composite?
False
Is 20323 prime?
True
Is 118693 a composite number?
True
Is 617189 prime?
True
Is 6581 composite?
False
Is 41443 a composite number?
False
Is 1963 prime?
False
Is 49615 prime?
False
Is 9587 composite?
False
Is 111577 composite?
False
Is 391273 composite?
False
Is 131 prime?
True
Is 179637 a composite number?
True
Is 92077 a prime number?
True
Is 935463 a prime number?
False
Is 97079 a prime number?
False
Is 177109 composite?
False
Is 4049 composite?
False
Is 1527931 a prime number?
True
Is 818093 prime?
True
Is 799 prime?
False
Is 263237 prime?
False
Is 62383 a composite number?
False
Is 225119 composite?
False
Is 3741653 a prime number?
True
Is 24611 a composite number?
False
Is 176971 composite?
True
Is 43861 prime?
False
Is 387257 a composite number?
True
Is 9461 a prime number?
True
Is 228383 a prime number?
True
Is 2841 prime?
False
Is 82031 a prime number?
True
Is 32989 composite?
True
Is 177283 a prime number?
True
Is 338449 a prime number?
True
Is 814823 a prime number?
True
Is 1492153 composite?
True
Is 13931 composite?
False
Is 899 a prime number?
False
Is 196429 prime?
True
Is 271393 prime?
True
Is 176758 a prime number?
False
Is 14567 composite?
True
Is 44449 a prime number?
True
Is 1777 composite?
False
Is 3613 prime?
True
Is 231787 prime?
False
Is 11461 a composite number?
True
Is 672547 prime?
False
Is 640771 a composite number?
False
Is 85379 a composite number?
True
Is 112389 prime?
False
Is 73181 composite?
False
Is 4091 composite?
False
Is 4667 prime?
False
Is 209497 composite?
False
Is 440131 a composite number?
False
Is 3587 prime?
False
Is 877 composite?
False
Is 1073773 composite?
False
Is 420593 prime?
True
Is 35381 a prime number?
True
Is 1401811 composite?
False
Is 2997547 prime?
False
Is 232979 prime?
False
Is 135829 prime?
True
Is 161963 prime?
False
Is 1118487 composite?
True
Is 208133 prime?
False
Is 4467023 a composite number?
True
Is 344667 composite?
True
Is 238981 composite?
True
Is 3889727 a composite number?
False
Is 15947 a composite number?
True
Is 70745 a prime number?
False
Is 80039 prime?
True
Is 182081 prime?
False
Is 1171 a prime number?
True
Is 249 a prime number?
False
Is 111611 prime?
True
Is 4831 a prime numb